{"id":969,"date":"2023-10-07T13:13:52","date_gmt":"2023-10-07T19:13:52","guid":{"rendered":"https:\/\/integralginehn.com\/?page_id=969"},"modified":"2023-10-07T15:20:49","modified_gmt":"2023-10-07T21:20:49","slug":"sexologia-clinica","status":"publish","type":"page","link":"https:\/\/integralginehn.com\/index.php\/sexologia-clinica\/","title":{"rendered":"Dolor P\u00e9lvico"},"content":{"rendered":"\n<div class=\"wp-block-stackable-text stk-block-text stk-block stk-8facc6a\" data-block-id=\"8facc6a\"><style>.stk-8facc6a .stk-block-text__text{font-size:30px !important;font-family:\"Raleway\",Sans-serif !important}@media screen and (max-width:999px){.stk-8facc6a .stk-block-text__text{font-size:30px !important}}<\/style><p class=\"stk-block-text__text has-text-align-center\"><strong><span style=\"color: var(--paletteColor1, #165F8C);\" class=\"stk-highlight\">Preguntas y respuestas sobre el dolor p\u00e9lvico <\/span><\/strong><\/p><\/div>\n\n\n\n<div class=\"wp-block-stackable-text stk-block-text stk-block stk-a977af6\" data-block-id=\"a977af6\"><style>.stk-a977af6 .stk-block-text__text{font-size:21px !important;font-family:\"Raleway\",Sans-serif !important}@media screen and (max-width:999px){.stk-a977af6 .stk-block-text__text{font-size:21px !important}}<\/style><p class=\"stk-block-text__text\"><span style=\"color: var(--paletteColor1, #165F8C);\" class=\"stk-highlight\"><strong>\u00bfQu\u00e9 es el dolor p\u00e9lvico y qu\u00e9 otros s\u00edntomas presenta? <\/strong><\/span><\/p><\/div>\n\n\n\n<div class=\"wp-block-stackable-text stk-block-text stk-block stk-687e5d1\" data-block-id=\"687e5d1\"><style>.stk-687e5d1 .stk-block-text__text{font-family:\"Raleway\",Sans-serif !important}<\/style><p class=\"stk-block-text__text\"><span style=\"color: var(--paletteColor4, #000000);\" class=\"stk-highlight\">El dolor p\u00e9lvico ocurre en cualquier lugar entre las caderas y debajo del ombligo. Cuando dura m\u00e1s de 6 meses, ya sea de forma continua o intermitente, se denomina dolor p\u00e9lvico cr\u00f3nico. Puede ser una afecci\u00f3n por s\u00ed sola, un s\u00edntoma de otra enfermedad o puede ocurrir como una acumulaci\u00f3n de varias afecciones. A veces es dif\u00edcil identificar una \u00fanica causa del dolor. Es posible que la ubicaci\u00f3n del dolor no est\u00e9 focalizada y se sienta en la regi\u00f3n p\u00e9lvica. Los s\u00edntomas pueden describirse como:         <\/span><\/p><\/div>\n\n\n\n<div class=\"wp-block-stackable-text stk-block-text stk-block stk-4b84918\" data-block-id=\"4b84918\"><style>.stk-4b84918 .stk-block-text__text{font-family:\"Raleway\",Sans-serif !important}<\/style><p class=\"stk-block-text__text\"><span style=\"color: var(--paletteColor4, #000000);\" class=\"stk-highlight\">Dolor sordo y doloroso o agudo y parecido a un calambre         <\/span><\/p><\/div>\n\n\n\n<div class=\"wp-block-stackable-text stk-block-text stk-block stk-f101e08\" data-block-id=\"f101e08\"><style>.stk-f101e08 .stk-block-text__text{font-family:\"Raleway\",Sans-serif !important}<\/style><p class=\"stk-block-text__text\"><span style=\"color: var(--paletteColor4, #000000);\" class=\"stk-highlight\">Dolor que es constante.         <\/span><\/p><\/div>\n\n\n\n<div class=\"wp-block-stackable-text stk-block-text stk-block stk-c50120a\" data-block-id=\"c50120a\"><style>.stk-c50120a .stk-block-text__text{font-family:\"Raleway\",Sans-serif !important}<\/style><p class=\"stk-block-text__text\"><span style=\"color: var(--paletteColor4, #000000);\" class=\"stk-highlight\">Dolor intermitente o variable.         <\/span><\/p><\/div>\n\n\n\n<div class=\"wp-block-stackable-text stk-block-text stk-block stk-37de771\" data-block-id=\"37de771\"><style>.stk-37de771 .stk-block-text__text{font-family:\"Raleway\",Sans-serif !important}<\/style><p class=\"stk-block-text__text\"><span style=\"color: var(--paletteColor4, #000000);\" class=\"stk-highlight\">Presi\u00f3n profunda dentro del \u00e1rea de la pelvis.         <\/span><\/p><\/div>\n\n\n\n<div class=\"wp-block-stackable-text stk-block-text stk-block stk-60b7742\" data-block-id=\"60b7742\"><style>.stk-60b7742 .stk-block-text__text{font-family:\"Raleway\",Sans-serif !important}<\/style><p class=\"stk-block-text__text\"><span style=\"color: var(--paletteColor4, #000000);\" class=\"stk-highlight\">Dolor que ocurre durante las relaciones sexuales, las deposiciones o la micci\u00f3n.         <\/span><\/p><\/div>\n\n\n\n<div class=\"wp-block-stackable-text stk-block-text stk-block stk-bd14331\" data-block-id=\"bd14331\"><style>.stk-bd14331 .stk-block-text__text{font-family:\"Raleway\",Sans-serif !important}<\/style><p class=\"stk-block-text__text\"><span style=\"color: var(--paletteColor4, #000000);\" class=\"stk-highlight\">Dolor que se agrava al estar sentado o de pie durante per\u00edodos prolongados, pero que generalmente se alivia al acostarse. <\/span><\/p><\/div>\n\n\n\n<div class=\"wp-block-stackable-text stk-block-text stk-block stk-c48aca9\" data-block-id=\"c48aca9\"><style>.stk-c48aca9 .stk-block-text__text{font-size:21px !important;font-family:\"Raleway\",Sans-serif !important}@media screen and (max-width:999px){.stk-c48aca9 .stk-block-text__text{font-size:21px !important}}<\/style><p class=\"stk-block-text__text\"><span style=\"color: var(--paletteColor1, #165F8C);\" class=\"stk-highlight\"><strong>\u00bfQu\u00e9 causa el dolor p\u00e9lvico? <\/strong><\/span><\/p><\/div>\n\n\n\n<div class=\"wp-block-stackable-text stk-block-text stk-block stk-7bfdf8b\" data-block-id=\"7bfdf8b\"><style>.stk-7bfdf8b .stk-block-text__text{font-family:\"Raleway\",Sans-serif !important}<\/style><p class=\"stk-block-text__text\"><span style=\"color: var(--paletteColor4, #000000);\" class=\"stk-highlight\">Por lo general, el dolor p\u00e9lvico cr\u00f3nico es complejo y puede tener m\u00faltiples causas. Otras veces puede estar relacionado con una sola causa. La depresi\u00f3n, la angustia emocional y el estr\u00e9s cr\u00f3nico son algunos de los factores psicol\u00f3gicos que pueden contribuir al dolor p\u00e9lvico. Las causas f\u00edsicas pueden incluir:         <\/span><\/p><\/div>\n\n\n\n<div class=\"wp-block-stackable-text stk-block-text stk-block stk-e0acad6\" data-block-id=\"e0acad6\"><style>.stk-e0acad6 .stk-block-text__text{font-family:\"Raleway\",Sans-serif !important}<\/style><p class=\"stk-block-text__text\"><span style=\"color: var(--paletteColor4, #000000);\" class=\"stk-highlight\">Endometriosis         <\/span><\/p><\/div>\n\n\n\n<div class=\"wp-block-stackable-text stk-block-text stk-block stk-1873df8\" data-block-id=\"1873df8\"><style>.stk-1873df8 .stk-block-text__text{font-family:\"Raleway\",Sans-serif !important}<\/style><p class=\"stk-block-text__text\"><span style=\"color: var(--paletteColor4, #000000);\" class=\"stk-highlight\">Tensi\u00f3n en los m\u00fasculos p\u00e9lvicos.         <\/span><\/p><\/div>\n\n\n\n<div class=\"wp-block-stackable-text stk-block-text stk-block stk-f58e787\" data-block-id=\"f58e787\"><style>.stk-f58e787 .stk-block-text__text{font-family:\"Raleway\",Sans-serif !important}<\/style><p class=\"stk-block-text__text\"><span style=\"color: var(--paletteColor4, #000000);\" class=\"stk-highlight\">Rotura o tensi\u00f3n del tejido conectivo p\u00e9lvico.        <\/span><\/p><\/div>\n\n\n\n<div class=\"wp-block-stackable-text stk-block-text stk-block stk-8ab5cfe\" data-block-id=\"8ab5cfe\"><style>.stk-8ab5cfe .stk-block-text__text{font-family:\"Raleway\",Sans-serif !important}<\/style><p class=\"stk-block-text__text\"><span style=\"color: var(--paletteColor4, #000000);\" class=\"stk-highlight\"> Enfermedad inflamatoria p\u00e9lvica cr\u00f3nica         <\/span><\/p><\/div>\n\n\n\n<div class=\"wp-block-stackable-text stk-block-text stk-block stk-6cf3660\" data-block-id=\"6cf3660\"><style>.stk-6cf3660 .stk-block-text__text{font-family:\"Raleway\",Sans-serif !important}<\/style><p class=\"stk-block-text__text\"><span style=\"color: var(--paletteColor4, #000000);\" class=\"stk-highlight\">Quistes en los ovarios         <\/span><\/p><\/div>\n\n\n\n<div class=\"wp-block-stackable-text stk-block-text stk-block stk-dcb6199\" data-block-id=\"dcb6199\"><style>.stk-dcb6199 .stk-block-text__text{font-family:\"Raleway\",Sans-serif !important}<\/style><p class=\"stk-block-text__text\"><span style=\"color: var(--paletteColor4, #000000);\" class=\"stk-highlight\">Fibromas o miomas         <\/span><\/p><\/div>\n\n\n\n<div class=\"wp-block-stackable-text stk-block-text stk-block stk-d76faad\" data-block-id=\"d76faad\"><style>.stk-d76faad .stk-block-text__text{font-family:\"Raleway\",Sans-serif !important}<\/style><p class=\"stk-block-text__text\"><span style=\"color: var(--paletteColor4, #000000);\" class=\"stk-highlight\">S\u00edndrome de colon irritable         <\/span><\/p><\/div>\n\n\n\n<div class=\"wp-block-stackable-text stk-block-text stk-block stk-eabade9\" data-block-id=\"eabade9\"><style>.stk-eabade9 .stk-block-text__text{font-family:\"Raleway\",Sans-serif !important}<\/style><p class=\"stk-block-text__text\"><span style=\"color: var(--paletteColor4, #000000);\" class=\"stk-highlight\">Cistitis intersticial <\/span><\/p><\/div>\n\n\n\n<div class=\"wp-block-stackable-text stk-block-text stk-block stk-27a43d3\" data-block-id=\"27a43d3\"><style>.stk-27a43d3 .stk-block-text__text{font-size:21px !important;font-family:\"Raleway\",Sans-serif !important}@media screen and (max-width:999px){.stk-27a43d3 .stk-block-text__text{font-size:21px !important}}<\/style><p class=\"stk-block-text__text\"><strong><span style=\"color: var(--paletteColor1, #165F8C);\" class=\"stk-highlight\">\u00bfC\u00f3mo se trata el dolor p\u00e9lvico?<\/span><\/strong><span style=\"color: var(--paletteColor4, #000000);\" class=\"stk-highlight\"> <\/span><\/p><\/div>\n\n\n\n<div class=\"wp-block-stackable-text stk-block-text stk-block stk-64fdff5\" data-block-id=\"64fdff5\"><style>.stk-64fdff5 .stk-block-text__text{font-family:\"Raleway\",Sans-serif !important}<\/style><p class=\"stk-block-text__text\"><span style=\"color: var(--paletteColor4, #000000);\" class=\"stk-highlight\">Los m\u00e9dicos pueden recetar medicamentos para ayudar a aliviar el dolor p\u00e9lvico. Los analg\u00e9sicos de venta libre o recetados pueden controlar el dolor, pero aportar\u00e1n poco para resolver el problema. Cuando el dolor p\u00e9lvico parece estar relacionado con el ciclo menstrual de una mujer, los tratamientos hormonales pueden ser eficaces. Si la fuente es una infecci\u00f3n, los antibi\u00f3ticos pueden aliviar el dolor p\u00e9lvico. Ciertos antidepresivos tienen efectos para aliviar el dolor y alterar el estado de \u00e1nimo y, a veces, pueden reducir el dolor p\u00e9lvico incluso en mujeres sin problemas de depresi\u00f3n. <\/span><\/p><\/div>\n\n\n\n<div class=\"wp-block-stackable-text stk-block-text stk-block stk-b3128c2\" data-block-id=\"b3128c2\"><style>.stk-b3128c2 .stk-block-text__text{font-family:\"Raleway\",Sans-serif !important}<\/style><p class=\"stk-block-text__text\"><span style=\"color: var(--paletteColor4, #000000);\" class=\"stk-highlight\"> Si el m\u00e9dico encuentra un problema que requiere cirug\u00eda, eso puede eliminar la fuente del dolor.<\/span><\/p><\/div>\n\n\n\n<div class=\"wp-block-stackable-columns alignfull stk-block-columns stk-block stk-1277b19 stk-block-background stk--has-background-overlay\" data-block-id=\"1277b19\"><style>.stk-1277b19{background-color:#ffffff !important;padding-top:0px !important;padding-right:0px !important;padding-bottom:0px !important;padding-left:0px !important;margin-bottom:0px !important}.stk-1277b19:before{background-image:linear-gradient(180deg,#ffffff 55%,var(--paletteColor4,#102136) 55%) !important}<\/style><div class=\"stk-row stk-inner-blocks stk-block-content stk-content-align stk-1277b19-column\">\n<div class=\"wp-block-stackable-column stk-block-column stk-column stk-block stk-421c103 stk-block-background stk--has-background-overlay\" data-v=\"4\" data-block-id=\"421c103\"><style>.stk-421c103-container{margin-top:0px !important;margin-right:0px !important;margin-bottom:0px !important;margin-left:0px !important}.stk-421c103{background-color:var(--paletteColor1,#165F8C) !important;background-image:url(http:\/\/integralginehn.com\/wp-content\/uploads\/2023\/09\/telechargement.webp) !important;border-radius:10px !important;overflow:hidden !important;padding-top:100px !important;padding-right:300px !important;padding-bottom:100px !important;padding-left:300px !important}.stk-421c103:before{background-color:var(--paletteColor1,#165F8C) !important;opacity:0.5 !important}@media screen and (max-width:999px){.stk-421c103{padding-top:80px !important;padding-right:150px !important;padding-bottom:80px !important;padding-left:150px !important}}@media screen and (max-width:689px){.stk-421c103{padding-top:60px !important;padding-right:50px !important;padding-bottom:60px !important;padding-left:50px !important}}<\/style><div class=\"stk-column-wrapper stk-block-column__content stk-container stk-421c103-container stk--no-background stk--no-padding\"><div class=\"has-text-align-center stk-block-content stk-inner-blocks stk-421c103-inner-blocks\">\n<div class=\"wp-block-stackable-heading stk-block-heading stk-block-heading--v2 stk-block stk-01439a9\" id=\"es-hora-de-revisarte\" data-block-id=\"01439a9\"><style>.stk-01439a9{margin-bottom:10px !important}.stk-01439a9 .stk-block-heading__text{color:var(--paletteColor8,#ffffff) !important;font-weight:800 !important}@media screen and (max-width:689px){.stk-01439a9 .stk-block-heading__text{font-size:25px !important}}<\/style><h2 class=\"stk-block-heading__text has-text-color stk-block-heading--use-theme-margins\">Es Hora de Revisarte!<\/h2><\/div>\n\n\n\n<p><strong>\u00abTe invitamos a descubrir Integral GINE, donde tu salud es nuestra prioridad. \u00a1Esperamos verte pronto para cuidar de ti!\u00bb<\/strong><\/p>\n\n\n\n<div class=\"wp-block-stackable-button-group stk-block-button-group stk-block stk-29bed1e\" data-block-id=\"29bed1e\"><div class=\"stk-row stk-inner-blocks stk-block-content stk-button-group\">\n<div class=\"wp-block-stackable-button stk-block-button stk-block stk-d2d4ac2\" data-block-id=\"d2d4ac2\"><style>.stk-d2d4ac2 .stk-button{padding-top:12px !important;padding-right:30px !important;padding-bottom:12px !important;padding-left:30px !important;background:var(--paletteColor1,#165F8C) !important}.stk-d2d4ac2 .stk-button__inner-text{font-family:\"Raleway\",Sans-serif !important}<\/style><a class=\"stk-link stk-button stk--hover-effect-darken\" href=\"https:\/\/integralginehn.com\/index.php\/contacto\/\"><span class=\"stk-button__inner-text\"><strong>Agenda una Cita<\/strong><\/span><\/a><\/div>\n<\/div><\/div>\n<\/div><\/div><\/div>\n<\/div><\/div>\n\n\n\n<p><\/p>\n","protected":false},"excerpt":{"rendered":"<p>Preguntas y respuestas sobre el dolor p\u00e9lvico \u00bfQu\u00e9 es el dolor p\u00e9lvico y qu\u00e9 otros s\u00edntomas presenta? El dolor p\u00e9lvico ocurre en cualquier lugar entre las caderas y debajo del ombligo. Cuando dura m\u00e1s de 6 meses, ya sea de forma continua o intermitente, se denomina dolor p\u00e9lvico cr\u00f3nico. Puede ser una afecci\u00f3n por s\u00ed [&hellip;]<\/p>\n","protected":false},"author":1,"featured_media":0,"parent":0,"menu_order":0,"comment_status":"closed","ping_status":"closed","template":"","meta":{"footnotes":""},"blocksy_meta":"","_links":{"self":[{"href":"https:\/\/integralginehn.com\/index.php\/wp-json\/wp\/v2\/pages\/969"}],"collection":[{"href":"https:\/\/integralginehn.com\/index.php\/wp-json\/wp\/v2\/pages"}],"about":[{"href":"https:\/\/integralginehn.com\/index.php\/wp-json\/wp\/v2\/types\/page"}],"author":[{"embeddable":true,"href":"https:\/\/integralginehn.com\/index.php\/wp-json\/wp\/v2\/users\/1"}],"replies":[{"embeddable":true,"href":"https:\/\/integralginehn.com\/index.php\/wp-json\/wp\/v2\/comments?post=969"}],"version-history":[{"count":3,"href":"https:\/\/integralginehn.com\/index.php\/wp-json\/wp\/v2\/pages\/969\/revisions"}],"predecessor-version":[{"id":1020,"href":"https:\/\/integralginehn.com\/index.php\/wp-json\/wp\/v2\/pages\/969\/revisions\/1020"}],"wp:attachment":[{"href":"https:\/\/integralginehn.com\/index.php\/wp-json\/wp\/v2\/media?parent=969"}],"curies":[{"name":"wp","href":"https:\/\/api.w.org\/{rel}","templated":true}]}}