{"id":1058,"date":"2023-10-07T17:34:50","date_gmt":"2023-10-07T23:34:50","guid":{"rendered":"https:\/\/integralginehn.com\/?page_id=1058"},"modified":"2023-10-07T17:59:13","modified_gmt":"2023-10-07T23:59:13","slug":"3-2","status":"publish","type":"page","link":"https:\/\/integralginehn.com\/index.php\/3-2\/","title":{"rendered":"Colposcopia"},"content":{"rendered":"\n<div class=\"wp-block-stackable-text stk-block-text stk-block stk-f98925a\" data-block-id=\"f98925a\"><style>.stk-f98925a .stk-block-text__text{font-size:30px !important;font-family:\"Raleway\",Sans-serif !important}@media screen and (max-width:999px){.stk-f98925a .stk-block-text__text{font-size:30px !important}}<\/style><p class=\"stk-block-text__text has-text-align-center\"><strong><span style=\"color: var(--paletteColor1, #165F8C);\" class=\"stk-highlight\">Preguntas y respuestas sobre colposcopia <\/span><\/strong><\/p><\/div>\n\n\n\n<div class=\"wp-block-stackable-text stk-block-text stk-block stk-68b581d\" data-block-id=\"68b581d\"><style>.stk-68b581d .stk-block-text__text{font-size:21px !important;font-family:\"Raleway\",Sans-serif !important}@media screen and (max-width:999px){.stk-68b581d .stk-block-text__text{font-size:21px !important}}<\/style><p class=\"stk-block-text__text\"><strong><span style=\"color: var(--paletteColor1, #165F8C);\" class=\"stk-highlight\">\u00bfQu\u00e9 es una colposcopia? <\/span><\/strong><\/p><\/div>\n\n\n\n<div class=\"wp-block-stackable-text stk-block-text stk-block stk-445edf2\" data-block-id=\"445edf2\"><style>.stk-445edf2 .stk-block-text__text{font-family:\"Raleway\",Sans-serif !important}<\/style><p class=\"stk-block-text__text\"><span style=\"color: #000000;\" class=\"stk-highlight\">Una colposcopia examina de cerca el tejido del cuello uterino, la vulva y la vagina para buscar signos visibles de c\u00e9lulas irregulares. Si se observa alguno, se toma una biopsia de tejido para realizar pruebas. Si bien es un procedimiento com\u00fan, puede resultar estresante para el paciente debido a la delicada ubicaci\u00f3n del procedimiento, as\u00ed como a la incertidumbre sobre un posible problema de salud. Si bien las pruebas de Citolog\u00edas anormales sugieren c\u00e1ncer o condiciones precancerosas, eso no es todo lo que un resultado positivo puede significar, por lo que la colposcopia es simplemente el siguiente paso de diagn\u00f3stico, y no es en s\u00ed misma una sugerencia de c\u00e1ncer activo. El c\u00e1ncer de cuello uterino tarda a\u00f1os en desarrollarse y tiene rasgos f\u00e1cilmente detectables que comienzan temprano. <\/span><\/p><\/div>\n\n\n\n<div class=\"wp-block-stackable-text stk-block-text stk-block stk-804184a\" data-block-id=\"804184a\"><style>.stk-804184a .stk-block-text__text{font-size:21px !important;font-family:\"Raleway\",Sans-serif !important}@media screen and (max-width:999px){.stk-804184a .stk-block-text__text{font-size:21px !important}}<\/style><p class=\"stk-block-text__text\"><strong><span style=\"color: var(--paletteColor1, #165F8C);\" class=\"stk-highlight\">\u00bfEs riesgosa una colposcopia? <\/span><\/strong><\/p><\/div>\n\n\n\n<div class=\"wp-block-stackable-text stk-block-text stk-block stk-1f75628\" data-block-id=\"1f75628\"><style>.stk-1f75628 .stk-block-text__text{font-family:\"Raleway\",Sans-serif !important}<\/style><p class=\"stk-block-text__text\"><span style=\"color: #000000;\" class=\"stk-highlight\">Las complicaciones de una colposcopia son raras. El mayor riesgo de complicaciones se produce si se realiza una biopsia, lo que ocurre s\u00f3lo si se observa tejido sospechoso. Las complicaciones podr\u00edan incluir sangrado abundante, dolor p\u00e9lvico e infecci\u00f3n. Busque atenci\u00f3n m\u00e9dica inmediata de<\/span> <span style=\"color: var(--paletteColor4, #000000);\" class=\"stk-highlight\"><strong>Integral GINE<\/strong><\/span><span style=\"color: #000000;\" class=\"stk-highlight\"> si experimenta alguno de estos s\u00edntomas:         <\/span><\/p><\/div>\n\n\n\n<div class=\"wp-block-stackable-text stk-block-text stk-block stk-49f9b40\" data-block-id=\"49f9b40\"><style>.stk-49f9b40 .stk-block-text__text{font-family:\"Raleway\",Sans-serif !important}<\/style><p class=\"stk-block-text__text\"><span style=\"color: #000000;\" class=\"stk-highlight\">Sangrado que es m\u00e1s abundante que un per\u00edodo menstrual t\u00edpico.         <\/span><\/p><\/div>\n\n\n\n<div class=\"wp-block-stackable-text stk-block-text stk-block stk-58f89cb\" data-block-id=\"58f89cb\"><style>.stk-58f89cb .stk-block-text__text{font-family:\"Raleway\",Sans-serif !important}<\/style><p class=\"stk-block-text__text\"><span style=\"color: #000000;\" class=\"stk-highlight\">Escalofr\u00edos o fiebre         <\/span><\/p><\/div>\n\n\n\n<div class=\"wp-block-stackable-text stk-block-text stk-block stk-3cd40f2\" data-block-id=\"3cd40f2\"><style>.stk-3cd40f2 .stk-block-text__text{font-family:\"Raleway\",Sans-serif !important}<\/style><p class=\"stk-block-text__text\"><span style=\"color: #000000;\" class=\"stk-highlight\">Dolor p\u00e9lvico o abdominal intenso <\/span><\/p><\/div>\n\n\n\n<div class=\"wp-block-stackable-text stk-block-text stk-block stk-c040eeb\" data-block-id=\"c040eeb\"><style>.stk-c040eeb .stk-block-text__text{font-size:21px !important;font-family:\"Raleway\",Sans-serif !important}@media screen and (max-width:999px){.stk-c040eeb .stk-block-text__text{font-size:21px !important}}<\/style><p class=\"stk-block-text__text\"><strong><span style=\"color: var(--paletteColor1, #165F8C);\" class=\"stk-highlight\">\u00bfC\u00f3mo me preparo para una colposcopia? <\/span><\/strong><\/p><\/div>\n\n\n\n<div class=\"wp-block-stackable-text stk-block-text stk-block stk-8b67392\" data-block-id=\"8b67392\"><style>.stk-8b67392 .stk-block-text__text{font-family:\"Raleway\",Sans-serif !important}<\/style><p class=\"stk-block-text__text\"><span style=\"color: #000000;\" class=\"stk-highlight\">Para algunas mujeres, el estr\u00e9s y la ansiedad previos a una colposcopia es la parte m\u00e1s dif\u00edcil de la preparaci\u00f3n. Por lo general, cuanto mayor es la ansiedad del paciente, m\u00e1s dolor experimenta durante el procedimiento. Saber qu\u00e9 esperar puede ayudar a reducir la ansiedad. P\u00eddale a su m\u00e9dico  <strong>Integral GINE<\/strong> que le expliquen qu\u00e9 implica el procedimiento y qu\u00e9 sensaciones sentir\u00e1 mientras se realiza. Anota tus preguntas e inquietudes antes para asegurarte de preguntar todo lo que tienes en mente. <\/span><\/p><\/div>\n\n\n\n<div class=\"wp-block-stackable-text stk-block-text stk-block stk-4e20b4d\" data-block-id=\"4e20b4d\"><style>.stk-4e20b4d .stk-block-text__text{font-family:\"Raleway\",Sans-serif !important}<\/style><p class=\"stk-block-text__text\"><span style=\"color: #000000;\" class=\"stk-highlight\">La preparaci\u00f3n para el procedimiento en s\u00ed es sencilla. Normalmente, se le pedir\u00e1 que:         <\/span><\/p><\/div>\n\n\n\n<div class=\"wp-block-stackable-text stk-block-text stk-block stk-067b6d5\" data-block-id=\"067b6d5\"><style>.stk-067b6d5 .stk-block-text__text{font-family:\"Raleway\",Sans-serif !important}<\/style><p class=\"stk-block-text__text\"><span style=\"color: #000000;\" class=\"stk-highlight\">Evite programar su procedimiento durante su per\u00edodo menstrual         <\/span><\/p><\/div>\n\n\n\n<div class=\"wp-block-stackable-text stk-block-text stk-block stk-b572fee\" data-block-id=\"b572fee\"><style>.stk-b572fee .stk-block-text__text{font-family:\"Raleway\",Sans-serif !important}<\/style><p class=\"stk-block-text__text\"><span style=\"color: #000000;\" class=\"stk-highlight\">Abstenerse de tener relaciones vaginales uno o dos d\u00edas antes.         <\/span><\/p><\/div>\n\n\n\n<div class=\"wp-block-stackable-text stk-block-text stk-block stk-1d6619a\" data-block-id=\"1d6619a\"><style>.stk-1d6619a .stk-block-text__text{font-family:\"Raleway\",Sans-serif !important}<\/style><p class=\"stk-block-text__text\"><span style=\"color: #000000;\" class=\"stk-highlight\">Abstenerse de utilizar cualquier medicamento vaginal durante al menos dos d\u00edas antes.         <\/span><\/p><\/div>\n\n\n\n<div class=\"wp-block-stackable-text stk-block-text stk-block stk-9192bee\" data-block-id=\"9192bee\"><style>.stk-9192bee .stk-block-text__text{font-family:\"Raleway\",Sans-serif !important}<\/style><p class=\"stk-block-text__text\"><span style=\"color: #000000;\" class=\"stk-highlight\">Abstenerse de usar tampones durante dos d\u00edas antes.         <\/span><\/p><\/div>\n\n\n\n<div class=\"wp-block-stackable-text stk-block-text stk-block stk-5047df7\" data-block-id=\"5047df7\"><style>.stk-5047df7 .stk-block-text__text{font-family:\"Raleway\",Sans-serif !important}<\/style><p class=\"stk-block-text__text\"><span style=\"color: #000000;\" class=\"stk-highlight\">Tome analg\u00e9sicos de venta libre antes del procedimiento.<\/span><\/p><\/div>\n\n\n\n<div class=\"wp-block-stackable-columns alignfull stk-block-columns stk-block stk-1277b19 stk-block-background stk--has-background-overlay\" data-block-id=\"1277b19\"><style>.stk-1277b19{background-color:#ffffff !important;padding-top:0px !important;padding-right:0px !important;padding-bottom:0px !important;padding-left:0px !important;margin-bottom:0px !important}.stk-1277b19:before{background-image:linear-gradient(180deg,#ffffff 55%,var(--paletteColor4,#102136) 55%) !important}<\/style><div class=\"stk-row stk-inner-blocks stk-block-content stk-content-align stk-1277b19-column\">\n<div class=\"wp-block-stackable-column stk-block-column stk-column stk-block stk-421c103 stk-block-background stk--has-background-overlay\" data-v=\"4\" data-block-id=\"421c103\"><style>.stk-421c103-container{margin-top:0px !important;margin-right:0px !important;margin-bottom:0px !important;margin-left:0px !important}.stk-421c103{background-color:var(--paletteColor1,#165F8C) !important;background-image:url(http:\/\/integralginehn.com\/wp-content\/uploads\/2023\/09\/telechargement.webp) !important;border-radius:10px !important;overflow:hidden !important;padding-top:100px !important;padding-right:300px !important;padding-bottom:100px !important;padding-left:300px !important}.stk-421c103:before{background-color:var(--paletteColor1,#165F8C) !important;opacity:0.5 !important}@media screen and (max-width:999px){.stk-421c103{padding-top:80px !important;padding-right:150px !important;padding-bottom:80px !important;padding-left:150px !important}}@media screen and (max-width:689px){.stk-421c103{padding-top:60px !important;padding-right:50px !important;padding-bottom:60px !important;padding-left:50px !important}}<\/style><div class=\"stk-column-wrapper stk-block-column__content stk-container stk-421c103-container stk--no-background stk--no-padding\"><div class=\"has-text-align-center stk-block-content stk-inner-blocks stk-421c103-inner-blocks\">\n<div class=\"wp-block-stackable-heading stk-block-heading stk-block-heading--v2 stk-block stk-01439a9\" id=\"es-hora-de-revisarte\" data-block-id=\"01439a9\"><style>.stk-01439a9{margin-bottom:10px !important}.stk-01439a9 .stk-block-heading__text{color:var(--paletteColor8,#ffffff) !important;font-weight:800 !important}@media screen and (max-width:689px){.stk-01439a9 .stk-block-heading__text{font-size:25px !important}}<\/style><h2 class=\"stk-block-heading__text has-text-color stk-block-heading--use-theme-margins\">Es Hora de Revisarte!<\/h2><\/div>\n\n\n\n<p><strong>\u00abTe invitamos a descubrir Integral GINE, donde tu salud es nuestra prioridad. \u00a1Esperamos verte pronto para cuidar de ti!\u00bb<\/strong><\/p>\n\n\n\n<div class=\"wp-block-stackable-button-group stk-block-button-group stk-block stk-29bed1e\" data-block-id=\"29bed1e\"><div class=\"stk-row stk-inner-blocks stk-block-content stk-button-group\">\n<div class=\"wp-block-stackable-button stk-block-button stk-block stk-d2d4ac2\" data-block-id=\"d2d4ac2\"><style>.stk-d2d4ac2 .stk-button{padding-top:12px !important;padding-right:30px !important;padding-bottom:12px !important;padding-left:30px !important;background:var(--paletteColor1,#165F8C) !important}.stk-d2d4ac2 .stk-button__inner-text{font-family:\"Raleway\",Sans-serif !important}<\/style><a class=\"stk-link stk-button stk--hover-effect-darken\" href=\"https:\/\/integralginehn.com\/index.php\/contacto\/\"><span class=\"stk-button__inner-text\"><strong>Agenda una Cita<\/strong><\/span><\/a><\/div>\n<\/div><\/div>\n<\/div><\/div><\/div>\n<\/div><\/div>\n","protected":false},"excerpt":{"rendered":"<p>Preguntas y respuestas sobre colposcopia \u00bfQu\u00e9 es una colposcopia? Una colposcopia examina de cerca el tejido del cuello uterino, la vulva y la vagina para buscar signos visibles de c\u00e9lulas irregulares. Si se observa alguno, se toma una biopsia de tejido para realizar pruebas. Si bien es un procedimiento com\u00fan, puede resultar estresante para el [&hellip;]<\/p>\n","protected":false},"author":1,"featured_media":0,"parent":0,"menu_order":0,"comment_status":"closed","ping_status":"closed","template":"","meta":{"footnotes":""},"blocksy_meta":"","_links":{"self":[{"href":"https:\/\/integralginehn.com\/index.php\/wp-json\/wp\/v2\/pages\/1058"}],"collection":[{"href":"https:\/\/integralginehn.com\/index.php\/wp-json\/wp\/v2\/pages"}],"about":[{"href":"https:\/\/integralginehn.com\/index.php\/wp-json\/wp\/v2\/types\/page"}],"author":[{"embeddable":true,"href":"https:\/\/integralginehn.com\/index.php\/wp-json\/wp\/v2\/users\/1"}],"replies":[{"embeddable":true,"href":"https:\/\/integralginehn.com\/index.php\/wp-json\/wp\/v2\/comments?post=1058"}],"version-history":[{"count":4,"href":"https:\/\/integralginehn.com\/index.php\/wp-json\/wp\/v2\/pages\/1058\/revisions"}],"predecessor-version":[{"id":1081,"href":"https:\/\/integralginehn.com\/index.php\/wp-json\/wp\/v2\/pages\/1058\/revisions\/1081"}],"wp:attachment":[{"href":"https:\/\/integralginehn.com\/index.php\/wp-json\/wp\/v2\/media?parent=1058"}],"curies":[{"name":"wp","href":"https:\/\/api.w.org\/{rel}","templated":true}]}}